).
10
Let a(q) = 6*q**2 + 1347*q + 15308. Give a(-12).
8
Let l(z) = -119*z**2 - 5114*z + 147. Determine l(-43).
18
Let t(x) = 2*x**3 - 886*x**2 + 10343*x + 450. Determine t(431).
19
Let z(k) = 20*k - 5705. What is z(282)?
-65
Let x(m) = -m**3 - 17*m**2 + 3274*m + 2644. Give x(-66).
4
Let f(k) = -118*k**3 + 44814*k**2 + 9883*k - 1139. What is f(380)?
1
Let n(i) = -1228*i - 84808. Determine n(-69).
-76
Let x(v) = -138*v + 1913. What is x(29)?
-2089
Let b(x) = -398*x - 98778. Calculate b(-250).
722
Let a(i) = 50*i**3 - 5*i**2 + 27*i + 73. Determine a(-3).
-1403
Let u(p) = 12807*p + 422736. Determine u(-33).
105
Let v(x) = 4*x**3 + 144*x**2 + 1005*x - 1053. Determine v(-11).
-8
Let r(p) = -6*p**2 - 115*p + 4069. Determine r(18).
55
Let r(z) = z**3 - 91*z**2 + 450*z + 5050. What is r(85)?
-50
Let a(v) = v**3 - 170*v**2 + 415*v - 12014. Determine a(168).
1258
Let d(y) = -2*y**2 + 3048*y - 354842. Determine d(127).
-4
Let z(k) = 113080*k + 57. Give z(0).
57
Let h(z) = z**3 + 262*z**2 + 2035*z + 15. What is h(-8)?
-9
Let p(u) = -1103*u + 51814. Determine p(47).
-27
Let i(x) = x**3 + 23*x**2 - 10*x - 701. Give i(-22).
3
Let m(t) = 2033*t**2 - 534653*t - 6832. Give m(263).
6
Let o(q) = 3*q**2 - 254*q - 20228. Determine o(135).
157
Let z(b) = -b**2 + 962*b + 815153. Calculate z(-542).
-15
Let k(z) = 2796*z + 27972. Give k(-10).
12
Let c(f) = 9715*f - 213753. Give c(22).
-23
Let y(z) = -385*z - 569. Calculate y(-7).
2126
Let t(s) = 2*s**2 - 5*s + 7. What is t(0)?
7
Let m(t) = 33*t**2 - 991*t - 35318. What is m(51)?
-26
Let v(s) = -480*s + 21067. Calculate v(44).
-53
Let b(m) = 3*m**2 - 443*m - 268. What is b(153)?
2180
Let w(u) = 890574*u - 6. What is w(0)?
-6
Let l(i) = -27*i**2 + 9816*i - 864888. Calculate l(150).
12
Let h(o) = 300*o**2 - 4972*o - 2202. What is h(17)?
-26
Let f(l) = l**3 + 39*l**2 - 257*l + 395. Determine f(3).
2
Let r(k) = -919*k - 4079. Give r(-3).
-1322
Let u(h) = h**2 - 94*h + 493. Determine u(85).
-272
Let n(h) = h**3 - 88*h**2 - 181*h + 7738. Calculate n(89).
-450
Let f(d) = -1039*d + 152808. Calculate f(147).
75
Let y(n) = 151723*n**2 - 910348*n + 68. Calculate y(6).
8
Let o(s) = -8*s**3 + 51*s**2 - 141*s + 382. What is o(5)?
-48
Let u(n) = -47*n**2 - 2305*n - 2347. What is u(-48)?
5
Let v(u) = 220*u + 6544. Determine v(-29).
164
Let i(d) = 152*d**2 - 62188*d + 8200. Calculate i(409).
20
Let f(a) = -67*a**3 - 117*a**2 - 112*a + 230. Determine f(1).
-66
Let d(i) = -i**3 - 126*i**2 - 611*i - 736. What is d(-121)?
-10
Let p(j) = j**3 - 29*j**2 - 14*j - 46. Determine p(30).
434
Let d(w) = -7516*w**2 - 44998*w + 7. What is d(-6)?
-581
Let k(i) = -2*i**3 - 141*i**2 - 2172*i + 285. Determine k(-23).
-14
Let p(y) = -14013*y - 238134. Calculate p(-17).
87
Let o(f) = -12711*f - 915193. Determine o(-72).
-1
Let t(a) = 2684*a + 1070895. Give t(-399).
-21
Let p(g) = 9*g**3 + 2354*g**2 - 2532*g - 388804. What is p(-262)?
4
Let a(p) = -2*p - 624. Give a(-187).
-250
Let x(k) = 1090*k - 183115. Calculate x(168).
5
Let z(m) = m + 1555. Determine z(-97).
1458
Let l(w) = -8*w**2 - 2598*w + 29715. What is l(11)?
169
Let s(w) = -4*w**3 - 2829*w**2 - 25136*w + 64. Give s(-9).
55
Let p(l) = 39*l**2 - 401*l - 755. Determine p(12).
49
Let z(a) = -11*a**3 + 63*a**2 + 166*a - 988. What is z(6)?
-100
Let c(m) = -2*m**3 + 5*m**2 - 218. Determine c(-4).
-10
Let x(l) = -41*l**2 - 3473*l - 6923. What is x(-2)?
-141
Let s(p) = -2*p**3 + 878*p**2 + 6212*p + 14238. Determine s(446).
-34
Let n(c) = -114*c**2 - 339*c - 46. Determine n(-3).
-55
Let n(w) = -2*w**2 - 3166*w + 15803. Determine n(5).
-77
Let k(o) = -1424322*o - 7121608. Give k(-5).
2
Let l(c) = c**2 - 77*c + 711. Determine l(65).
-69
Let h(y) = 23*y**2 - 1998*y + 23522. Determine h(14).
58
Let w(g) = -5*g**2 + 3559*g + 14323. Calculate w(-4).
7
Let p(n) = n**2 + 234*n + 15354. What is p(-109)?
1729
Let v(r) = r**3 + 121*r**2 + 3637*r + 401. Determine v(-55).
16
Let x(t) = -3*t**3 - 144*t**2 - 127*t + 26423. Calculate x(-42).
5
Let q(n) = -n**2 + 243*n + 7577. Calculate q(271).
-11
Let u(c) = -14814*c - 1348047. Calculate u(-91).
27
Let t(w) = -w**2 + 8802*w + 79297. Give t(-9).
-2
Let s(r) = -55*r**2 - 39*r - 42. Determine s(4).
-1078
Let l(t) = 2*t**2 - 567*t + 10747. Determine l(264).
451
Let o(r) = -2*r**3 - 8*r**2 - 42189*r - 126559. Calculate o(-3).
-10
Let u(v) = -v**3 + 174*v**2 - 5606*v + 90. What is u(131)?
3627
Let o(n) = n**3 - 6*n**2 + 73*n - 49. Determine o(6).
389
Let z(n) = 250*n - 1580. Give z(11).
1170
Let k(z) = -z**2 + 217*z - 5788. What is k(148)?
4424
Let c(w) = 94749*w + 1610734. Determine c(-17).
1
Let v(y) = -17854*y - 428619. Calculate v(-24).
-123
Let q(x) = 953*x + 126782. Determine q(-133).
33
Let q(x) = 50718*x - 101437. Calculate q(2).
-1
Let z(x) = 132*x + 38550. What is z(-292)?
6
Let f(c) = 6*c**2 + 18460*c + 55375. What is f(-3)?
49
Let n(u) = -18*u**2 - 8540*u - 59807. Determine n(-7).
-909
Let h(s) = 426*s - 25126. Calculate h(54).
-2122
Let y(l) = -86247*l + 23804177. What is y(276)?
5
Let v(h) = h**2 + 265*h + 15929. Calculate v(-85).
629
Let q(z) = 4*z**2 - 153*z + 3275. Give q(29).
2202
Let l(j) = 2096*j - 16726. Give l(8).
42
Let d(j) = -183*j**2 + 269*j + 18. What is d(1)?
104
Let x(d) = 3*d**2 - 257*d - 1026. What is x(-4)?
50
Let a(u) = -81870*u + 8923828. Determine a(109).
-2
Let b(l) = 1074*l - 176134. Calculate b(164).
2
Let s(b) = 145*b**2 - 1242*b + 133. Calculate s(9).
700
Let u(g) = 53386*g + 640626. Calculate u(-12).
-6
Let z(q) = 6*q**2 - 15361*q - 76836. Calculate z(-5).
119
Let z(j) = 1139*j + 124130. Give z(-109).
-21
Let k(l) = 1399814*l - 25196654. Determine k(18).
-2
Let n(w) = 303*w - 113359. What is n(374)?
-37
Let o(z) = -z**2 - 53107*z + 265561. Determine o(5).
1
Let x(o) = -130*o**2 - 4932*o + 4. Determine x(-39).
-5378
Let v(t) = 24*t**2 - 3577*t - 3578. Determine v(-1).
23
Let u(k) = 216*k - 3031. What is u(14)?
-7
Let i(s) = 21*s**2 + 2580*s + 2318. Determine i(-122).
122
Let a(c) = c**3 + 69*c**2 + 294*c - 561. Determine a(-64).
1103
Let s(l) = 9695*l - 1289373. What is s(133)?
62
Let g(c) = 366*c + 97333. Give g(-266).
-23
Let g(q) = 70342*q - 3165391. Determine g(45).
-1
Let q(h) = -78302*h + 10805690. Calculate q(138).
14
Let q(w) = -205287*w - 821148. Determine q(-4).
0
Let k(j) = -1846*j - 20247. Calculate k(-11).
59
Let z(c) = 51*c**2 + 1892*c + 11369. What is z(-6)?
1853
Let x(k) = -k**2 + 217*k - 7719. Give x(43).
-237
Let f(i) = 13*i**3 + 3459*i**2 + 13897*i + 2877. Determine f(-262).
-5
Let i(w) = 7*w**2 - 216*w + 1015. Give i(25).
-10
Let h(g) = 114*g - 14502. What is h(129)?
204
Let h(z) = -2*z**2 - 21*z + 9505. What is h(-74)?
107
Let x(o) = -9329*o - 46592. What is x(-5)?
53
Let y(g) = 6002*g - 2130700. What is y(355)?
10
Let d(h) = 1033*h - 358483. Give d(347).
-32
Let k(m) = -m**3 + 12*m**2 + 23558*m - 282706. Calculate k(12).
-10
Let q(d) = -3*d**3 - 431*d**2 + 3640*d + 11. Give q(8).
11
Let f(d) = -579618*d + 6375787. What is f(11)?
-11
Let b(h) = -55544*h + 444092. What is b(8)?
-260
Let g(b) = -2*b**3 - 23*b**2 - 703*b - 5919. Give g(-9).
3
Let w(f) = f**2 - 90739*f + 453644. Determine w(5).
-26
Let n(j) = -j**2 + 85*j + 4332. Give n(106).
2106
Let o(n) = 2*n**3 - 46*n**2 + 229*n + 127. Calculate o(14).
-195
Let s(n) = 8*n**2 - 218*n + 2368. Calculate s(11).
938
Let q(n) = -10*n**2 + 171*n - 1536. What is q(7)?
-829
Let k(o) = o**2 - 115*o + 1274. What is k(12)?
38
Let h(a) = -4*a**3 - 57*a**2 + 187*a + 24. Calculate h(-17).
24
Let z(r) = r**3 - 31*r**2 - 158*r - 545. Give z(-6).
-929
Let y(d) = d**3 - 23*d**2 - 90*d + 494. Give y(25).
-506
Let b(i) = 18664*i - 765220. Calculate b(41).
4
Let y(u) = 392*u - 38001. Determine y(97).
23
Let d(t) = -t**2 + 232*t - 7427. What is d(40)?
253
Let r(u) = -2*u**3 - 13*u**2 - 35*u - 89. Determine r(-7).
205
Let q(t) = t**3 - 612*t**2 + 4177*t + 35078. Give q(605).
-12
Let r(f) = -4991*f + 40290. Determine r(8).
362
Let c(p) = -46*p**3 + 4*p**2 + 279*p - 583. Determine c(2).
-377
Let a(l) = -l**3 + 402*l**2 - 1205*l + 3180. Calculate a(399).
-12
Let j(k) = -7*k**3 + 22*k**2 + 270*k + 32. What is j(10)?
-2068
Let z(p) = p**2 - 273*p + 18689. Determine z(116).
477
Let h(c) = 14*c**2 - 1544*c + 4945. What is h(107)?
23
Let p(k) = k**3 - 79*k**2 + 1268*k - 310. What is p(22)?
-2
L